he greatest common factor of s and o.
10
Let q(o) = -7*o**2 - 5*o. Let u(i) = -8*i**2 - 6*i + 1. Let a(g) = -5*q(g) + 4*u(g). Let p be a(-10). What is the highest common factor of p and 42?
42
Suppose 5*q = 36*q - 527. What is the highest common divisor of q and 1?
1
Suppose -2*h - 2*h - 3*w + 40 = 0, -4*h + 16 = -3*w. Suppose -9*t + 608 = -h*t. What is the greatest common divisor of t and 38?
38
Let t be (26/14 + -1)/(2/(-14)). Let j be ((-8)/(-10))/(t/(-180)). What is the greatest common factor of 12 and j?
12
Let z(g) = -13*g**2 + 44*g - 7. Let k be z(3). What is the highest common divisor of 30 and k?
2
Suppose -p - 10*n + 3 = -11*n, -4*n + 6 = 5*p. What is the greatest common divisor of 5 and p?
1
Let v(x) = x**3 + 6*x**2 + 10. Let i be v(-6). Let o be 4*(-8)/(-80) - (-56)/i. What is the highest common divisor of o and 6?
6
Let i = 234 - 64. Let y = 8253 + -8185. Calculate the highest common factor of i and y.
34
Let j = 140 - 91. What is the greatest common divisor of 441 and j?
49
Let s be (-7728)/(-252) + -1 + 2/6. Calculate the highest common factor of s and 70.
10
Let h = 3 - 0. Suppose -5*u + i + 45 = 12, h*i - 6 = 0. Let n = u + 1. What is the highest common divisor of 56 and n?
8
Suppose -195*v - 4048 = -203*v. Calculate the highest common divisor of v and 230.
46
Suppose 2*t - 64 = 2*w + 44, 4*t = w + 228. What is the greatest common divisor of 58 and t?
58
Let m = -261 + 169. Let r = 209 + m. Calculate the greatest common divisor of r and 9.
9
Let c = 67 + 21. Let o be (-1)/(-6) - 520/(-48). Calculate the greatest common divisor of c and o.
11
Suppose 4*q - 52 = 6*q. Let y = 38 + q. Calculate the greatest common factor of 6 and y.
6
Let u(l) = -2*l**3 + 2*l**2 + l + 3. Let w be u(-3). Let q = -29 + 10. Let b = q + 28. What is the greatest common factor of b and w?
9
Let x be 1/(10 - 2079/209). Calculate the highest common factor of x and 646.
19
Suppose -7*q = -572 - 772. What is the greatest common divisor of 24 and q?
24
Suppose -710 = -8*f - 486. Calculate the highest common factor of f and 868.
28
Suppose -2*c = c. Let k be 4 - (0 - c) - 2. Suppose i = -k*i + 33. Calculate the greatest common factor of i and 110.
11
Let s(j) = j**3 - 8*j**2 + 6*j + 15. Let t be s(7). Let y be (t/(-1))/(18/(-81)). What is the highest common divisor of 396 and y?
36
Suppose 3*y = -4*z - 16, 4*z + 4 = 3*z - 3*y. Let k(f) = 47 - 18 - 26 + f + f**2. Let r be k(z). Calculate the highest common divisor of r and 15.
15
Suppose -193 = -3*q + k, 3*q + 27 = 2*k + 218. Calculate the highest common divisor of q and 13.
13
Let t(n) = 3*n**2 - n - 13. Let c be t(-5). Let i = c + -35. What is the greatest common factor of i and 288?
32
Let s(u) = -u**3 - 3*u**2 + 7*u + 7. Suppose -47*j + 42*j = 25. Let p be s(j). Calculate the greatest common divisor of p and 242.
22
Let n be 4/(-20) + (1086/15)/2. What is the highest common divisor of n and 9?
9
Let i = 565 - 124. Calculate the greatest common divisor of 42 and i.
21
Let b(d) = -99*d - 171. Let n be b(-3). Let q(p) = 3*p + 3. Let c be q(5). What is the highest common divisor of n and c?
18
Suppose -10 = -29*h + 27*h. Suppose -2*a = -3*a + h*j + 28, 3*a + 5*j - 84 = 0. What is the greatest common divisor of 112 and a?
28
Suppose 63 = 5*x - 5*c - 117, 2*x - 5*c - 60 = 0. What is the highest common divisor of x and 90?
10
Let k = -59 + 63. Let b be 284/(-54)*-3 - k/(-18). Calculate the highest common divisor of 128 and b.
16
Let p be 1*(3 + 3 + -1). What is the highest common factor of p and 5?
5
Let w(c) = 40*c - 545. Let t be w(14). Calculate the highest common divisor of t and 65.
5
Suppose 4377 = 3*s + 2*i, 8*s - 5825 = 4*s + i. Calculate the highest common divisor of s and 93.
31
Let c = -79 + 30. Let y be (-1155)/c - (-3)/7. What is the greatest common factor of 216 and y?
24
Let g(b) = -b**3 - 4*b**2 + 12*b - 6. Let f be g(-5). Let u = f - -44. Calculate the highest common factor of u and 33.
3
Let y(q) = -q**3 + 17*q**2 - 9*q. Let t be y(7). What is the greatest common divisor of 61 and t?
61
Suppose 0 = -9*s - 136 + 811. Calculate the greatest common factor of 750 and s.
75
Suppose -x = -102 - 8. What is the highest common factor of x and 50?
10
Suppose 3*j = -15 + 42. Let v(r) = r**3 - 9*r**2. Let a be v(j). Suppose 5*x - 605 = -a*x. What is the greatest common factor of 11 and x?
11
Let p be 2 + 6 + 0/(-1). Let c be (-14)/(-21) - 778/(-3). Let o = c - 172. What is the highest common factor of o and p?
8
Let v be ((-70)/(-28))/(2/20). Suppose 29*p = v*p + 108. Calculate the greatest common divisor of 3 and p.
3
Let q(b) = b**2 - 18*b + 38. Let y be q(16). Let u be 28/(-10)*-1*30/y. Calculate the greatest common factor of u and 154.
14
Suppose 0 = -10*g + 15*g - 5760. Let s be (g/(-112))/((-1)/7). What is the greatest common factor of s and 54?
18
Let k(q) = -q**2 - 3*q + 5. Let r be k(-6). Let x = 41 + r. What is the greatest common divisor of 7 and x?
7
Suppose -15 - 43 = -2*a. Calculate the highest common divisor of 232 and a.
29
Suppose -z + 2*p - p = -95, 0 = 5*z - 2*p - 484. Calculate the greatest common factor of z and 49.
49
Suppose 1157 = 2*k + 5*x, -20*k + 4*x - 2884 = -25*k. What is the highest common divisor of 12 and k?
12
Let f = -1959 - -2024. What is the greatest common factor of 169 and f?
13
Suppose 73 = h + 3*k - 30, 3*h + 5*k - 313 = 0. Suppose 2*v - 2*u - 206 = 0, -v - 4*u + h = 18. Calculate the highest common divisor of 20 and v.
20
Suppose 2*r - w - 739 = -4*w, 5*w = 15. Suppose 4*u + 149 = 4*d - 319, 3*d - r = -4*u. Let g = 196 - d. Calculate the greatest common factor of 7 and g.
7
Let v be 6/36*0 + 1 + 0. Suppose -v - 9 = -h. What is the greatest common divisor of 130 and h?
10
Let d(m) = -m**2 + 22*m + 5. Let u be d(22). Calculate the greatest common factor of 145 and u.
5
Suppose 2*f = -2*j + 4, -3*j = -6*f + 3*f - 18. Suppose j = 3*n - 2*n. Calculate the highest common factor of 32 and n.
4
Let k = -16 - -19. Let q be (8/k)/((-22)/(-561)). Let i be (-10)/25 + q/20. Calculate the highest common divisor of 2 and i.
1
Let l(j) = 3*j**2 + 5*j - 67. Let i be l(-24). Calculate the highest common factor of 134 and i.
67
Let b be 18/3 + 0/(-1). Suppose 38 = 3*z - 4*f, -20 = -5*z - 4*f + 2*f. Calculate the greatest common factor of b and z.
6
Let h = 342 + -276. Calculate the greatest common factor of h and 42.
6
Let b(c) = -19*c - 37. Let r be b(-12). Let g = r + -119. What is the greatest common divisor of g and 18?
18
Let w = 60 + -65. Let j(m) = 4*m**2 - 13*m + 10. Let y be j(w). What is the greatest common divisor of 70 and y?
35
Let w = 15 - 18. Let x be (-32)/10 - w/15. Let b be (-68)/(-6) - (-1)/x. Calculate the greatest common factor of 1 and b.
1
Suppose -36*s + 43*s = 28. Let a(l) = l + 9. Let o be a(-7). Suppose o*x = 3*x - 44. Calculate the greatest common divisor of s and x.
4
Let p be -4 + 12 + -3 - -145. Suppose -10*d + 110 + p = 0. Calculate the greatest common factor of 65 and d.
13
Let u be 2*-25*(-28)/10. Suppose a - 181 = -4*a - 3*r, -4*a = -r - 138. What is the greatest common factor of a and u?
35
Suppose f + 12 = 3*n, 3*f - 5*f + 2*n = 8. Suppose 0 = 5*d - k - 14 - 4, 5*d - 3*k - 14 = f. Calculate the highest common factor of d and 12.
4
Suppose 5*y - 35 = -5*q, 2*q - 5 = 5*y - q. Suppose -7*p + 100 = -y*p. Let a = 38 - p. What is the highest common divisor of a and 3?
3
Let m(z) = z**3 + 7*z**2 - 14*z - 28. Let a be m(-8). Let y be (4/(-6))/((-21)/945). Calculate the greatest common divisor of y and a.
10
Let x = -8 - -10. Suppose -x*b + 40 = -b. Suppose 145 = a + b. Calculate the greatest common factor of 15 and a.
15
Let a(g) be the first derivative of g**3/3 + 5*g**2 + 25*g - 18. Let c be a(-8). Calculate the greatest common factor of 18 and c.
9
Suppose -50 + 14 = 4*d. Let a be 2/6*(d - -15). Suppose 3*q - 3 = 3. Calculate the greatest common divisor of a and q.
2
Let t(b) = -4*b - 1. Let j = -6 + 4. Let y(g) = 1. Let f(k) = j*t(k) - 6*y(k). Let d be f(3). What is the highest common divisor of d and 160?
20
Suppose 3*r = -r - w + 26, 5*r + 2*w = 34. Let z be (r + 120/(-18))*(-46 - -1). What is the highest common factor of z and 10?
10
Let o be (-33 + 62)/(3 + (-1 - 1)). What is the greatest common divisor of o and 29?
29
Let u(f) = 3*f**2 + 5*f +